-6
Calculate 0 - (-4 - (-5 + 4)) - 7.
-4
0 + (2 - 0 - 4) - 3
-5
1 + -1 + (-4 - (-1 - -1))
-4
(-4 - (4 + -6)) + 8
6
What is the value of -1 + (-3 - -5) - (0 - -1)?
0
What is -3 + 2 - (2 + -3)?
0
(2 + -2 - (3 + 0)) + 3
0
(-4 - (13 + -6)) + 8 + -1
-4
3 - 6 - -4 - 8 - -3
-4
What is the value of -5 + (2 - -2 - 0)?
-1
Calculate -10 - -12 - 0 - (0 + 0).
2
Calculate (-5 - -3) + (0 - 2).
-4
(1 + -3 - 0) + (-1 - -2)
-1
What is (-1 - -8) + 0 + -4?
3
What is the value of -2 + 2 - (1 + 3)?
-4
Calculate -225 + 221 + (-1 - 2).
-7
What is the value of 7 - (-1 + (10 - 4) + 1)?
1
Evaluate 54 - 47 - (1 - -4).
2
1 + 3 + (3 - 0) + -6
1
-7 + 1 + -2 - (-8 + 3)
-3
Calculate (-4 + 2 - (-2 - -1)) + 5.
4
Evaluate 2 - (0 + -4 + -1 + 2).
5
-12 + 1 - (15 + -20)
-6
(-14 - 3) + -7 + -2 + 16
-10
Evaluate 5 + 12 + -8 - 4.
5
Calculate 2 + -1 + 17 + -11.
7
(-6 - -3 - 0) + 7
4
What is -3 - (3 - 5) - (-4 + 0)?
3
Calculate (-11 - (4 + -4 + -2)) + 3.
-6
-1 + (2 - 2) + -2
-3
1 - (6 + -1) - (1 + -12)
7
What is the value of (52 - 46) + (0 - 1)?
5
-7 + (5 - -9) + -2
5
What is the value of 3 + -5 + (-2 - 6 - -11)?
1
What is the value of -6 - (-4 - (-2 - 0)) - -5?
1
Evaluate -7 - -2 - (-3 + 5).
-7
What is (0 - -3) + -5 + -2 + 8?
4
Evaluate 5 - -1 - (1 + 4).
1
Evaluate (-1 - -1) + (8 - 4).
4
What is (1 + (3 - 8) - 0) + 3?
-1
What is the value of -4 + -4 + -6 + 9?
-5
Evaluate -5 + -2 - (48 + -57).
2
What is the value of -3 - (3 + 1 + 2 + -5)?
-4
Evaluate -1 + -2 - (4 + -19 + 8).
4
What is 0 + -3 + (-4 - -2)?
-5
Calculate (-7 - 10) + 11 + 4 + 4.
2
What is the value of 7 + -17 + (15 - 4)?
1
-14 - -25 - 8 - -6
9
Calculate -1 + -5 + 10 + -5 - 3.
-4
What is the value of -1 + (-3 - 0) + 7?
3
Evaluate -3 + (1 - (-2 - 4) - 5).
-1
What is the value of 6 - (17 - (3 - (-6 - -3)))?
-5
What is the value of (-1 + -1 - -1) + 4?
3
Evaluate 1 + 3 + -9 + 7.
2
Evaluate 3 + (7 - (7 - -8)) - -14.
9
What is (33 - 41) + (4 - -2)?
-2
6 + 5 + -13 + -3
-5
What is the value of 9 + -8 + (-1 - (3 - 1))?
-2
What is the value of -6 - -5 - (-5 + 1) - 7?
-4
What is 6 - (7 - 2) - -5?
6
Calculate 61 + -73 + -1 + 12.
-1
What is 5 - (5 + 1 - (3 - 3))?
-1
Evaluate (6 - (2 + -2)) + -2 + -2.
2
What is the value of 24 - 14 - (1 + 3 - -2)?
4
Evaluate -6 + 1 + (-43 - -45).
-3
What is (-4 - -6 - 6) + (3 - 4)?
-5
What is (-17 - (-6 - -3)) + -13 + 17?
-10
What is the value of (-7 + 1 - (-2 - 1)) + 5?
2
Calculate -5 + 2 + 3 - (-7 + 3).
4
0 - (-6 + 8 - (0 + 0))
-2
0 + -2 - (3 + (3 - 3))
-5
What is the value of 1 + 1 - (4 + -3 + 4)?
-3
Evaluate -3 + (4 + -6 - -10).
5
-11 + (5 - 6) + 7
-5
What is the value of -2 - (-5 + -3 - -6)?
0
Calculate 4 - (-1 + 4 + -3 + 4).
0
What is the value of -34 - -29 - ((-5 - -2) + -2)?
0
0 - -2 - (13 + -12)
1
What is (1 - -7) + (-20 - -22 - 3)?
7
Evaluate (3 - (-4 - -3) - 0) + -4.
0
What is -8 + 8 + (2 - 0) + -5?
-3
Evaluate (4 - 3) + 1 + -5.
-3
Evaluate 2 + -2 - (6 + 2 + -3).
-5
Evaluate 10 + (-6 - (-1 - -7 - 7)).
5
What is 1 - (5 + -4 + 5)?
-5
Calculate 1 - (11 - 7 - 2).
-1
What is the value of -7 - (-1 + -4 - (-2 + -1))?
-5
(3 - 7 - (-13 - -1)) + -4
4
Evaluate 0 + 1 + 1 + -2.
0
Calculate -4 + (10 - (11 + -5)) - 10.
-10
What is the value of 21 + -13 + 1 + 0?
9
46 + -45 + -6 + 2
-3
(3 + 0 - -1) + -2
2
What is the value of -5 - (-6 + (8 - 3))?
-4
3 - (-4 - 1 - (-1 + -2))
5
What is -4 - (-5 - (-5 + 5 + 1))?
2
Calculate 20 - (-9 + 19) - 8.
2
What is 14 + (-15 - -11) + -3?
7
Calculate 7 - ((6 - 2) + (-18 - -19)).
2
Calculate -3 - 2 - (-4 - 0).
-1
What is the value of 0 + (-4 - (-3 + 1))?
-2
What is the value of 2 + 2 + (3 - 4)?
3
What is the value of -15 + 20 - (4 - 3)?
4
Calculate -2 + (5 - (-4 - -1)).
6
Calculate (3 - 1) + -11 + -6 + 20.
5
Calculate 5 - ((35 - 10) + -10).
-10
Calculate 6 - (2 - (0 - (-1 + 0))).
5
What is (0 + -1 - -5) + 4 + -9?
-1
What is 3 - (3 + 0) - -2 - -1?
3
What is the value of (-2 - (4 - 8)) + 5 - 4?
3
Calculate 6 + 1 + -6 + 0 + 8.
9
What is the value of -10 - (-4 - (15 + -8 + -4))?
-3
What is 10 + (-3 - 7) + 2?
2
Calculate (9 - (-1 + 0)) + -17.
-7
Evaluate -4 - (-1 + 4 + -4 - 3).
0
What is 12 + (0 - -1) + (-4 - 4)?
5
Evaluate (-8 - -14 - -3) + -6 - 8.
-5
What is -2 + (0 - -4 - (-14 + 16))?
0
What is -3 - ((-1 - -3) + -5 - -5)?
-5
What is (-15 + 14 - (-4 + 0)) + -4?
-1
Evaluate 4 + -9 + 4 - 1.
-2
What is 4 + 0 + (8 - 17)?
-5
-2 + (-5 - -3) + (12 - 11)
-3
What is 3 - (4 + 0 + 7 - 5)?
-3
What is the value of (12 - 18) + 1 + 2?
-3
Evaluate 1 - (6 + (0 - 3)).
-2
Evaluate 6 + 2 + -4 - (-7 + 7).
4
Calculate -5 - -10 - -3 - 4.
4
What is the value of 5 - ((-4 - 9) + 12)?
6
What is (19 - 10) + (-4 - (-1 - -2))?
4
2 + (-6 - 5) - -5
-4
Calculate -13 + 7 - (1 - 4).
-3
Calculate 5 + -1 - (-4 + -7 + 11).
4
Calculate -3 - (36 + -41 + -2 + -1).
5
What is -2 + (-15 - -18) + (3 - -1)?
5
0 - ((-1 - 0) + 4)
-3
Evaluate 1 + -6 + -7 + (-5 - -16).
-1
1 - 1 - (0 + 5 + -5)
0
Evaluate 1 + -1 + -5 + 8 - 8.
-5
What is -5 + 6 + (6 - 3) + -5?
-1
Evaluate 8 - 1 - ((33 - 12) + -21).
7
-2 - (10 - (28 - 8))
8
0 - (-3 - (1 - 4)) - 5
-5
2 - (1 - (3 - (0 - -4)))
0
What is -5 + 0 + (-11 - -21 - 7)?
-2
Evaluate 9 - (-8 + 15) - (1 + 5).
-4
Calculate -2 - (4 + (-6 - 3)).
3
0 - 0 - (-1 - -1)
0
Calculate -12 - (1 + -3 - (-43 + 46)).
-7
What is the value of -6 - -12 - 9 - (-3 - 1)?
1
What is the value of 6 + -13 + (-4 - -7)?
-4
Calculate (-9 - (1 + -4)) + -1.
-7
Calculate 1 + -6 + (-4 - -4).
-5
Evaluate -8 + -3 + 16 - (0 - -1).
4
Calculate (10 - (28 - 14)) + (-3 - -1).
-6
What is the value of (-4 - 0 - 1) + 8?
3
1 + 0 + (10 - (-1 + 6))
6
5 - (3 + 1 - (-9 - -17))
9
What is the value of -10 + 7 + (3 - 1 - -6)?
5
Evaluate 4 + 4 + -1 + -3 + 0.
4
Evaluate -4 + 0 + 2 + 9.
7
Evaluate 2 - (5 + (-4 - -3)).
-2
What is (-1 - 6) + 8 + -4 + -2?
-5
What is the value of 7 + 3 + -20 + -1 + 13?
2
What is the value of 1 - (1 + 0 - -2)?
-2
Evaluate -4 + 4 - (0 - 1).
1
What is the value of (2 - (-1 + -2) - 3) + -3?
-1
(3 - -3) + -40 + 39
5
What is the value of -4 - (5 - 4 - 0)?
-5
Calculate 2 + (1 - (0 + 0)).
3
What is the value of (0 - 6) + 7 - 1?
0
67 - 68 - (-6 - 0)
5
What is the value of 14 - (-5 + -2 + 15)?
6
Calculate 22 + -6 - 5 - (-1 - -6).
6
Calculate 1 + -1 - (-3 - -2 - 2).
3
What is the value of -1 + (4 - (0 + (-3 - -6)))?
0
Evaluate -5 + 4 - 1 - (-1 + -3).
2
Evaluate (-4 - (-8 + 2)) + 0 + 0.
2
What is the value of -7 + (7 - 4) + 3?
-1
What is the value of 2 + (-8 + 7 - (0 + 0))?
1
What is -1 - (4 + (5 - -1 - 5))?
-6
9 + -11 + (0 - 2)
-4
Evaluate -6 + (-1 - -2 - 0 - 4).
-9
What is the value of 1 + 4 + -1 + 4 + -3?
5
What is the value of (-9 + -6 - -7) + 2?
-6
What is -3 + 3 - (-3 + 6)?
-3
Calculate (4 - 0) + (4 - 2).
6
Evaluate (-6 - (-7 + -6) - 1) + -1.
5
11 + -5 + (-12 - -1)
-5
-5 + -3 + 1 + 3 + 6
2
Calculate -4 - (-57 - -57 - (-8 + 1)).
-11
What is 0 - -2 - (-8 + (13 - 8))?
5
What is -5 + (0 + -2 - (-39 + 30))?
2
What is the value of -1 + 1 + 3 + 1?
4
Evaluate (-3 - 5) + -25 + 23.
-10
What is -17 + 20 + -10 - (-7 - -1)?
-1
What is the value of (-16 - -13) + 2 + 1?
0
(-4 + -1 - (19 - 22)) + -3
-5
What is the value of -3 - (-2 + -3 + (4 - 2))?
0
What is (-4 - (6 + (-3 - 8))) + -6?
-5
What is the value of -3 - 2 - -4 - 4?
-5
Calculate (2 - (6 + -6)) + (2 - -1).
5
Evaluate -4 + 8 - 2 - -4.
6
-9 + 10 - (0 + 2)
-1
What is the value of -1 + (-1 - 1) + (-8 - -3)?
-8
Evaluate 3 + -1 + (22 - (14 + 11)).
-1
What is the value of 4 + (-6 + 3 - -1) + 4?
6
What is the value of -7 - (9 + -33 + 12)?
5
(-4 - (-4 + 1)) + 3 + -7
-5
What is the value of -1 - 4 - (-12 + (-11 - -19))?
-1
Calculate 6 + -2 - -2 - 1.
5
What is the value of 4 - 3 - (1 - 2)?
2
Evaluate -8 + 11 - (6 - 0 - 2).
-1
What is the value of -6 - ((-5 + 8 - 4) + -2)?
-3
What is the value of -7 - (11 - 8 - 6)?
-4
(2 + -1 - (-3 + -3)) + 1
8
What is the value of 1 + -7 - (-4 + 0)?
-2
Evaluate 9 + (6 - ((18 - -1) + -5)).
1
Evaluate 4 - (-4 - (5 - (1 - -6))).
6
What is 2 - (2 - (-2 - 2))?
-4
Evaluate 12 + (-10 - 1 - -2).
3
Calculate -121 + 121 + 3 + -1.
2
Evaluate 0 + -7 + 4 + 4 + -5.
-4
Evaluate 3 - (0 + -1) - 4.
0
1 + -2 + (5 - 3)
1
(10 - 8) + 1 + -5 + 4
2
(-8 - -4) + 14 - 7
3
-6 + (-7 - -5) + 0 + 18
10
Evaluate -2 - 2 - (7 + -6).
-5
Evaluate 0 + -5 + -2 - -6.
-1
What is the value of 27 - 17 - (0 - -5)?
5
Calculate 3 - (5 + (-2 - -3)).
-3
What is (1 + 0 - -6) + (-2 - 1)?
4
Evaluate -5 + 